its digit of 2/7 - ((-66)/(-7))/(-2)?
5
Let h(r) = -r**3 - r**2 + 11. Let b be h(0). Let a = b + -5. What is the units digit of a?
6
Suppose 2*s - 3*n - 20 = 0, -3*s - 2*s + 69 = 2*n. What is the units digit of s?
3
Suppose 4*q - 33 = 15. Suppose 0 = 4*t - 2*t - q. Suppose -t*a + 3*a = -18. What is the units digit of a?
6
Suppose 0 = -2*w - 2, -k = -3*w - 0*w - 373. What is the hundreds digit of k?
3
Let q(d) = 2*d**2 - 5. Let p(n) = -n**2. Let s(x) = -3*p(x) - q(x). Let t be 4/(-6) - 2/(-3). What is the units digit of s(t)?
5
Suppose t - 4*t = -54. Let r = -4 + t. What is the tens digit of r?
1
Suppose 0*q = -4*q + 4. Let p be 5 - (q + 2 + -3). Suppose -i - 4 = -p*g - 16, -3*g - 4 = i. What is the units digit of i?
2
Suppose 6*v = 196 - 40. What is the units digit of v?
6
What is the hundreds digit of -4 - (-6 - -2)*43?
1
Let w(v) = -v**3 + 5*v**2 + 6*v + 3. Let o be w(6). Let s be -8 - (0 + (-6)/o). What is the units digit of (-8)/10*(s + -4)?
8
Let h = 186 + -91. What is the tens digit of h?
9
Let k(m) = m - 2. Let q = 22 - 16. Let a be k(q). Suppose 0 = -a*v - 1 + 9. What is the units digit of v?
2
Let p(j) = j**2 - j. Let k(r) = r**3 + 7*r**2 + 4*r + 4. Let m be (-35)/21 - (-2)/3. Let a(f) = m*p(f) + k(f). What is the units digit of a(-5)?
4
Let g(v) = -18*v**2 + 2*v. Let i(w) be the second derivative of 3*w**4/4 - w**3/6 + w. Let c(j) = 3*g(j) + 7*i(j). What is the units digit of c(1)?
8
Suppose -i + 0 = -2. Suppose -i*x = -2*j + 26, -3 = 2*x + 1. What is the tens digit of j?
1
Let q(g) = -g**3 + g**2 + g - 2. Let m be q(0). What is the tens digit of 4 - -10 - (m - -4)?
1
Let n = 143 - 81. What is the tens digit of n?
6
What is the tens digit of (1 + 20/(-8))*-38?
5
Let f(z) = 4*z. Let v be f(1). Let w = v + 9. What is the tens digit of w?
1
Let q(n) = 7*n**3 + 11*n**2 - 9*n + 50. Let y(w) = 3*w**3 + 5*w**2 - 4*w + 25. Let j(b) = -4*q(b) + 9*y(b). What is the units digit of j(0)?
5
Suppose -3*f - 5*g + 81 = 0, 3*f - 108 = -f + g. Let y = f + -19. What is the units digit of y?
8
Let y(x) = 7*x + 2. What is the tens digit of y(4)?
3
Let y = 361 + -149. What is the tens digit of y?
1
What is the tens digit of 13532/51 + (-2)/3*-1?
6
Suppose 2*m - 4*m - 8 = 0. Let a = m - -16. What is the tens digit of a?
1
Let m(n) = -n**2 + 3*n - 2. Let j be m(2). Let b be -2 - ((j - 0) + 0). What is the units digit of (11*-1)/(b/2)?
1
Let m be 2/(2/67) + 3. Let p = m - 31. What is the tens digit of p?
3
Let a(v) = -2*v - 3. Let t be a(-3). Let h(z) = 6 - 2 - z**2 + 2*z**2 - t*z. What is the units digit of h(3)?
4
Suppose 2*m - 2 = 10. Suppose -7 + 40 = -3*p. What is the units digit of (4 - m) + (-1 - p)?
8
Suppose 3*v = -v - 16. Let g be (6 - 4)*2/v. Let q(y) = 10*y**2 + y + 1. What is the tens digit of q(g)?
1
Suppose b + 135 = 5*y + 2*b, -63 = -3*y + 3*b. Suppose -y - 2 = -2*n. What is the tens digit of n?
1
Let g(x) = 4*x**2 - 2*x - 1. Let y be g(-2). Let m = -6 + y. Suppose -7 = -4*c + m. What is the units digit of c?
5
Let q = -5 + 7. Suppose -q*u + 13 = -u. Let h = u + -3. What is the tens digit of h?
1
Let z(v) = -v**3 + v**2 - v + 30. Let a be z(0). Let i = a + -14. Suppose k = -6 + i. What is the units digit of k?
0
Let j(b) = b**2 + b - 10. What is the tens digit of j(6)?
3
What is the units digit of (-79 + 1)/(-1) + -3?
5
Let q(f) = f - 1 + 11 + 4*f**3 - 3*f**3. What is the units digit of q(0)?
0
Let v(o) = 8*o**2. What is the units digit of v(2)?
2
Let t(k) = -k - 1. Let y be t(-3). What is the units digit of (-1)/(y*1/(-28))?
4
Suppose b = -0*b + 32. What is the units digit of b?
2
Suppose 5*w - 2*q - 122 = 0, 0 = 3*w + 5*q - 0*q - 67. What is the units digit of w?
4
Suppose 4*r + 28 = -4*t, 5*t - 3*r + 26 = -1. Let n be (-9)/6*(-4)/t. What is the units digit of n*(0 - (-12)/(-3))?
4
Let m = 1115 + -776. What is the units digit of m?
9
Let a be (-2 - (1 - 8)) + 1. Let f be (-280)/12 + (-4)/a. What is the units digit of 2/(-5) + f/(-10)?
2
Let o(k) = 5*k**2 - 8*k + 16. Suppose 0 = -5*i + 4 + 11. Let d(v) = 4*v**2 - 9*v + 15. Let t(z) = i*o(z) - 4*d(z). What is the units digit of t(10)?
8
Suppose 0*p = 3*p - 18. What is the units digit of p?
6
Suppose -2*k = 2*b + 22, -2*b = 4*k - 5*k - 8. Let s(u) = -16*u. Let y be s(7). What is the units digit of 2/(-10) + y/k?
1
Suppose 46 = x + 2*h, 3*h + 58 = x + 2*h. Suppose 0 = -2*o - 10 + x. What is the units digit of o?
2
Let f be 4/12 + (-28)/(-6). Let n be 66/14 + 4/14. Suppose -24 = -3*i + 3*u, -f*i - u + 38 = -n*u. What is the units digit of i?
6
Let h be (-2)/((-3 - -2) + 2). Let f be (h - -4) + (-2)/(-1). Suppose 0 = -2*d + f*d - 14. What is the units digit of d?
7
Let m(h) = -h**3 - 7*h**2 - 5*h + 6. Suppose 8*z = 5*z - 18. Let n be m(z). What is the units digit of (n - -16)*(1 - 0)?
6
Suppose -11*v = -8*v - 57. What is the tens digit of v?
1
Suppose -33 - 76 = 4*p + 5*s, 2*p - s + 37 = 0. Let y be (-1)/6 - 430/12. Let u = p - y. What is the units digit of u?
5
Suppose -l - 4*o - 76 = 0, -4*l - 4*o - 355 = -5*o. Let x be l/(-14) + (-6)/21. Suppose 4*g - 6 = x. What is the units digit of g?
3
Let y(v) = 2*v**2 + 4*v + 3. Let s(d) = -d**2 - d. Let p = -1 - -2. Let c(h) = p*s(h) + y(h). What is the units digit of c(-2)?
1
What is the units digit of 179/2 - 3/(-6)?
0
Let u(m) be the second derivative of -m**5/20 - 2*m**4/3 + 4*m**3/3 - 5*m**2 - m. Let v be u(-9). What is the units digit of (-6)/(-6)*(-2)/v?
2
Suppose -4*l + l - 36 = 0. Let i(o) = -o + 1. Let c be i(2). What is the units digit of (c/3)/(1/l)?
4
Suppose -3*f = -3, -2*f = 3*s - 6 - 2. Suppose s*g - 15 = 47. Suppose 4*k - 29 = g. What is the tens digit of k?
1
Let v = 5 - 5. Suppose v*p - 40 = -2*p. Suppose 10 = 5*h + 4*u, 0 = -3*u + 7*u + p. What is the units digit of h?
6
Suppose 165 = 5*l - 5*f, 0*l = -l + 3*f + 39. What is the units digit of l?
0
Suppose 2*n + 5*q = 6*n, 0 = -n + 3*q. Suppose -4*g + 4*b + 16 = n, 3*b + b + 25 = -5*g. What is the units digit of g + -1 + (-22)/(-2)?
9
Let t = -7 + 11. Suppose -p - 4*o = 2*p - 43, -t*p = 2*o - 54. What is the tens digit of p?
1
Let w(t) = t**3 - 4*t**2 + 5*t. Suppose -5*z = -2*z - 9. What is the units digit of w(z)?
6
Suppose 3*w + 4*w - 630 = 0. What is the units digit of w?
0
Let i(j) = 5*j**2 + j - j**3 - 2*j**2 - 2*j**2 + 18. Suppose -5*g + 6*o + 25 = o, 10 = -g - 2*o. What is the tens digit of i(g)?
1
Let a(f) = -9*f**3 + 2*f + 3. Let j(g) = 37*g**3 - 8*g - 13. Let c(n) = 9*a(n) + 2*j(n). Let r(l) = l - 12. Let t be r(11). What is the units digit of c(t)?
6
Let g(u) = u**3 + 4*u**2 - 3*u - 4. Let h = 1 - 5. Let k be g(h). Suppose -c = -k - 2. What is the tens digit of c?
1
Let a = -20 - -42. Let i = a - 10. What is the units digit of i?
2
Suppose 2*g - 34 = -4*f, 3*g + 3*f = 2*f + 46. Suppose 3*q - g = 21. What is the units digit of q?
2
Let w be (-3)/(-12) - 99/(-4). Suppose w = 4*h + 9. Suppose -h*j + 0*j - 25 = -3*d, 2*d - 3*j = 17. What is the units digit of d?
7
Let j = 56 + -9. Suppose -3*y - 12 = i - 1, -4*y = -i + 24. Suppose 2*w = -3*b + j, -6 = 2*w + i. What is the tens digit of b?
1
Let t(i) = 3*i + 4*i**2 - 2 + 5*i + 4 - 4*i. What is the units digit of t(-2)?
0
Let i(x) = -157*x. What is the tens digit of i(-1)?
5
Let m be (46/(-8))/((-2)/8). Suppose -3*s + 34 + 2 = 0. Let a = m - s. What is the units digit of a?
1
Let z(b) = -37*b**2 - 4*b - 1. Let f(u) = -74*u**2 - 9*u - 2. Let o(j) = 6*f(j) - 13*z(j). What is the units digit of o(1)?
6
Suppose 4*k + 59 + 61 = 0. Let p = k - -48. What is the units digit of p?
8
Let p be 8/(-20)*-1*5. Suppose 0 = -4*b, q - p*b + 26 = 65. What is the units digit of q?
9
Let y(m) = m**3 - 9*m**2 - 10*m + 2. Let l = 18 + -8. Let u be y(l). Suppose 5*j - u*j - 6 = 0. What is the units digit of j?
2
Suppose -12*v + 81 = -11*v. Suppose -6*j = -3*j - v. What is the tens digit of j?
2
Suppose -b = 4*s - 29, -2*b + 0*s + 118 = -4*s. Let v = b - 29. What is the units digit of v?
0
Let t(q) = 5*q**2 + q - 9. What is the tens digit of t(3)?
3
Let h = -2 + 2. Let f(m) = 7 + h*m**2 - 2*m**2 + 7*m + 3*m**2. What is the units digit of f(-6)?
1
Let q = -9 + 13. Suppose 5*h = o + 186, -5*h + 20 + 161 = q*o. What is the units digit of h?
7
Suppose -3*j - 4*q + 84 = j, 5*j + q = 93. Let d = 25 - j. Let x(f) = f**3 - 7*f**2 + f - 4. What is the units